{"id":10,"date":"2026-01-21T20:25:16","date_gmt":"2026-01-21T19:25:16","guid":{"rendered":"https:\/\/antoniszczepanski.pl\/?page_id=10"},"modified":"2026-02-17T23:20:13","modified_gmt":"2026-02-17T22:20:13","slug":"strona-glowna","status":"publish","type":"page","link":"https:\/\/antoniszczepanski.pl\/","title":{"rendered":"Strona g\u0142\u00f3wna"},"content":{"rendered":"<p><div class=\"fusion-fullwidth fullwidth-box fusion-builder-row-1 fusion-flex-container has-pattern-background has-mask-background nonhundred-percent-fullwidth non-hundred-percent-height-scrolling\" style=\"--awb-border-radius-top-left:0px;--awb-border-radius-top-right:0px;--awb-border-radius-bottom-right:0px;--awb-border-radius-bottom-left:0px;--awb-flex-wrap:wrap;\" ><div class=\"fusion-builder-row fusion-row fusion-flex-align-items-flex-start fusion-flex-content-wrap\" style=\"max-width:1454.4px;margin-left: calc(-1% \/ 2 );margin-right: calc(-1% \/ 2 );\"><div class=\"fusion-layout-column fusion_builder_column fusion-builder-column-0 fusion_builder_column_1_1 1_1 fusion-flex-column\" style=\"--awb-bg-size:cover;--awb-width-large:100%;--awb-margin-top-large:0px;--awb-spacing-right-large:0.495%;--awb-margin-bottom-large:0px;--awb-spacing-left-large:0.495%;--awb-width-medium:100%;--awb-order-medium:0;--awb-spacing-right-medium:0.495%;--awb-spacing-left-medium:0.495%;--awb-width-small:100%;--awb-order-small:0;--awb-spacing-right-small:0.495%;--awb-spacing-left-small:0.495%;\"><div class=\"fusion-column-wrapper fusion-column-has-shadow fusion-flex-justify-content-flex-start fusion-content-layout-column\"><\/div><\/div><\/div><\/div><div class=\"fusion-fullwidth fullwidth-box fusion-builder-row-2 fusion-flex-container has-pattern-background has-mask-background nonhundred-percent-fullwidth non-hundred-percent-height-scrolling\" style=\"--awb-background-position:right center;--awb-border-radius-top-left:0px;--awb-border-radius-top-right:0px;--awb-border-radius-bottom-right:0px;--awb-border-radius-bottom-left:0px;--awb-background-size:cover;--awb-flex-wrap:wrap;\" ><div class=\"fusion-builder-row fusion-row fusion-flex-align-items-stretch fusion-flex-content-wrap\" style=\"max-width:1454.4px;margin-left: calc(-1% \/ 2 );margin-right: calc(-1% \/ 2 );\"><div class=\"fusion-layout-column fusion_builder_column fusion-builder-column-1 fusion_builder_column_1_1 1_1 fusion-flex-column\" style=\"--awb-bg-size:cover;--awb-width-large:100%;--awb-margin-top-large:0px;--awb-spacing-right-large:0.495%;--awb-margin-bottom-large:0px;--awb-spacing-left-large:0.495%;--awb-width-medium:100%;--awb-order-medium:0;--awb-spacing-right-medium:0.495%;--awb-spacing-left-medium:0.495%;--awb-width-small:100%;--awb-order-small:0;--awb-spacing-right-small:0.495%;--awb-spacing-left-small:0.495%;\"><div class=\"fusion-column-wrapper fusion-column-has-shadow fusion-flex-justify-content-flex-start fusion-content-layout-column\"><div class=\"fusion-text fusion-text-1\" style=\"--awb-font-size:var(--awb-typography1-font-size);--awb-line-height:var(--awb-typography1-line-height);--awb-letter-spacing:var(--awb-typography1-letter-spacing);--awb-text-transform:var(--awb-typography1-text-transform);--awb-text-font-family:var(--awb-typography1-font-family);--awb-text-font-weight:var(--awb-typography1-font-weight);--awb-text-font-style:var(--awb-typography1-font-style);\"><p style=\"text-align: center;\">Personal best<\/p>\n<\/div><div class=\"fusion-text fusion-text-2\"><p style=\"text-align: center;\">Ka\u017cdego dnia pracuj\u0119 na to, \u017ceby poprawia\u0107 swoje wyniki.<\/p>\n<\/div><\/div><\/div><div class=\"fusion-layout-column fusion_builder_column fusion-builder-column-2 fusion_builder_column_1_3 1_3 fusion-flex-column fusion-flex-align-self-stretch\" style=\"--awb-column-gap:0px;--awb-row-gap:0px;--awb-overflow:hidden;--awb-bg-image:url(&#039;https:\/\/antoniszczepanski.pl\/wp-content\/uploads\/2026\/02\/20260314-4473-scaled.jpg&#039;);--awb-bg-position:center center;--awb-bg-blend:soft-light;--awb-bg-size:cover;--awb-border-radius:30px 0px 0px 30px;--awb-width-large:33.333333333333%;--awb-margin-top-large:0px;--awb-spacing-right-large:0px;--awb-margin-bottom-large:0px;--awb-spacing-left-large:0px;--awb-width-medium:33.333333333333%;--awb-order-medium:0;--awb-spacing-right-medium:0px;--awb-spacing-left-medium:0px;--awb-width-small:100%;--awb-order-small:0;--awb-spacing-right-small:0.495%;--awb-spacing-left-small:0.495%;\" data-scroll-devices=\"small-visibility,medium-visibility,large-visibility\"><div class=\"fusion-column-wrapper fusion-column-has-shadow fusion-flex-justify-content-flex-start fusion-content-layout-column fusion-column-has-bg-image\" data-bg-url=\"https:\/\/antoniszczepanski.pl\/wp-content\/uploads\/2026\/02\/20260314-4473-scaled.jpg\"><div style=\"text-align:right;\"><a class=\"fusion-button button-flat fusion-button-default-size button-custom fusion-button-default button-1 fusion-button-span-no blur_bg\" style=\"--button_accent_color:var(--awb-color8);--button_border_color:rgba(255,255,255,0.03);--button_accent_hover_color:#000000;--button_border_hover_color:var(--awb-color1);--button-border-radius-top-left:0px;--button-border-radius-top-right:0px;--button-border-radius-bottom-right:0px;--button-border-radius-bottom-left:0px;--button_gradient_top_color:rgba(255,255,255,0.03);--button_gradient_bottom_color:rgba(255,255,255,0.03);--button_gradient_top_color_hover:var(--awb-color1);--button_gradient_bottom_color_hover:var(--awb-color1);--button_text_transform:uppercase;--button_font_size:12px;--button_line_height:1;--button_typography-letter-spacing:var(--awb-typography1-letter-spacing);--button_typography-font-family:&quot;Sora&quot;;--button_typography-font-style:normal;--button_typography-font-weight:500;--button_margin-top:10px;--button_margin-right:10px;\" target=\"_self\" role=\"button\"><i class=\"fa-trophy fas awb-button__icon awb-button__icon--default button-icon-left\" aria-hidden=\"true\"><\/i><span class=\"fusion-button-text awb-button__text awb-button__text--default\">Speed skating<\/span><\/a><\/div><\/div><\/div><div class=\"fusion-layout-column fusion_builder_column fusion-builder-column-3 fusion_builder_column_1_3 1_3 fusion-flex-column\" style=\"--awb-column-gap:0px;--awb-row-gap:0px;--awb-bg-image:linear-gradient(180deg, var(--awb-color1) 27%,var(--awb-color2) 55%);--awb-bg-size:cover;--awb-border-color:var(--awb-color2);--awb-border-top:1px;--awb-border-left:1px;--awb-border-style:solid;--awb-width-large:33.333333333333%;--awb-margin-top-large:0px;--awb-spacing-right-large:0px;--awb-margin-bottom-large:0px;--awb-spacing-left-large:0px;--awb-width-medium:33.333333333333%;--awb-order-medium:0;--awb-spacing-right-medium:0px;--awb-spacing-left-medium:0px;--awb-width-small:100%;--awb-order-small:0;--awb-spacing-right-small:0.495%;--awb-spacing-left-small:0.495%;\" data-scroll-devices=\"small-visibility,medium-visibility,large-visibility\"><div class=\"fusion-column-wrapper fusion-column-has-shadow fusion-flex-justify-content-flex-start fusion-content-layout-column\"><div class=\"fusion-text fusion-text-3 fusion-text-no-margin\" style=\"--awb-font-size:2em;--awb-line-height:var(--awb-custom_typography_1-line-height);--awb-letter-spacing:var(--awb-custom_typography_1-letter-spacing);--awb-text-transform:var(--awb-custom_typography_1-text-transform);--awb-text-color:var(--awb-color4);--awb-margin-top:50px;--awb-margin-bottom:0px;--awb-text-font-family:var(--awb-custom_typography_1-font-family);--awb-text-font-weight:var(--awb-custom_typography_1-font-weight);--awb-text-font-style:var(--awb-custom_typography_1-font-style);\"><p style=\"text-align: center;\">500 m<\/p>\n<\/div><div class=\"fusion-text fusion-text-4 fusion-animated fusion-text-no-margin\" style=\"--awb-font-size:4em;--awb-line-height:var(--awb-custom_typography_1-line-height);--awb-letter-spacing:var(--awb-custom_typography_1-letter-spacing);--awb-text-transform:none;--awb-margin-top:40px;--awb-margin-bottom:40px;--awb-text-font-family:&quot;Sora&quot;;--awb-text-font-style:normal;--awb-text-font-weight:700;\" data-animationType=\"fadeInUp\" data-animationDuration=\"1.0\" data-animationOffset=\"top-into-view\"><p style=\"text-align: center;\">39,68<\/p>\n<\/div><div class=\"fusion-title title fusion-title-1 fusion-sep-none fusion-title-marquee fusion-animate-once fusion-title-size-paragraph\" style=\"--awb-margin-top-small:10px;--awb-margin-right-small:0px;--awb-margin-bottom-small:10px;--awb-margin-left-small:0px;--awb-marquee-speed:15000ms;--awb-marquee-translate-x:-100%;--awb-font-size:14px;\"><p class=\"fusion-title-heading title-heading-left title-heading-tag awb-marquee-left awb-marquee-masked\" style=\"margin:0;font-size:1em;\"><span class=\"awb-marquee-content\">2026.01.10 \/ Frillense Cup \/ Inzel (GER) \/<\/span><span class=\"awb-marquee-content\">2026.01.10 \/ Frillense Cup \/ Inzel (GER) \/<\/span><\/p><\/div><\/div><\/div><div class=\"fusion-layout-column fusion_builder_column fusion-builder-column-4 fusion_builder_column_1_3 1_3 fusion-flex-column\" style=\"--awb-column-gap:0px;--awb-row-gap:0px;--awb-overflow:hidden;--awb-bg-image:linear-gradient(180deg, var(--awb-color1) 27%,var(--awb-color2) 55%);--awb-bg-size:cover;--awb-border-color:var(--awb-color2);--awb-border-top:1px;--awb-border-right:1px;--awb-border-left:1px;--awb-border-style:solid;--awb-border-radius:0px 30px 30px 0px;--awb-width-large:33.333333333333%;--awb-margin-top-large:0px;--awb-spacing-right-large:0px;--awb-margin-bottom-large:0px;--awb-spacing-left-large:0px;--awb-width-medium:33.333333333333%;--awb-order-medium:0;--awb-spacing-right-medium:0px;--awb-spacing-left-medium:0px;--awb-width-small:100%;--awb-order-small:0;--awb-spacing-right-small:0.495%;--awb-spacing-left-small:0.495%;\" data-scroll-devices=\"small-visibility,medium-visibility,large-visibility\"><div class=\"fusion-column-wrapper fusion-column-has-shadow fusion-flex-justify-content-flex-start fusion-content-layout-column\"><div class=\"fusion-text fusion-text-5 fusion-text-no-margin\" style=\"--awb-font-size:2em;--awb-line-height:var(--awb-custom_typography_1-line-height);--awb-letter-spacing:var(--awb-custom_typography_1-letter-spacing);--awb-text-transform:var(--awb-custom_typography_1-text-transform);--awb-text-color:var(--awb-color4);--awb-margin-top:50px;--awb-margin-bottom:0px;--awb-text-font-family:var(--awb-custom_typography_1-font-family);--awb-text-font-weight:var(--awb-custom_typography_1-font-weight);--awb-text-font-style:var(--awb-custom_typography_1-font-style);\"><p style=\"text-align: center;\">1000 m<\/p>\n<\/div><div class=\"fusion-text fusion-text-6 fusion-animated fusion-text-no-margin\" style=\"--awb-font-size:4em;--awb-line-height:var(--awb-custom_typography_1-line-height);--awb-letter-spacing:var(--awb-custom_typography_1-letter-spacing);--awb-text-transform:none;--awb-margin-top:40px;--awb-margin-bottom:40px;--awb-text-font-family:&quot;Sora&quot;;--awb-text-font-style:normal;--awb-text-font-weight:700;\" data-animationType=\"fadeInUp\" data-animationDuration=\"1.0\" data-animationOffset=\"top-into-view\"><p style=\"text-align: center;\">1:20,02<\/p>\n<\/div><div class=\"fusion-title title fusion-title-2 fusion-sep-none fusion-title-marquee fusion-animate-once fusion-title-size-paragraph\" style=\"--awb-margin-top-small:10px;--awb-margin-right-small:0px;--awb-margin-bottom-small:10px;--awb-margin-left-small:0px;--awb-marquee-speed:15000ms;--awb-marquee-translate-x:-100%;--awb-font-size:1em;\"><p class=\"fusion-title-heading title-heading-left title-heading-tag awb-marquee-left awb-marquee-masked\" style=\"margin:0;font-size:1em;\"><span class=\"awb-marquee-content\">2026.01.10 \/ Frillense Cup \/ Inzel (GER) \/<\/span><span class=\"awb-marquee-content\">2026.01.10 \/ Frillense Cup \/ Inzel (GER) \/<\/span><\/p><\/div><\/div><\/div><div class=\"fusion-layout-column fusion_builder_column fusion-builder-column-5 fusion_builder_column_1_3 1_3 fusion-flex-column fusion-flex-align-self-stretch\" style=\"--awb-column-gap:0px;--awb-row-gap:0px;--awb-overflow:hidden;--awb-bg-image:url(&#039;https:\/\/antoniszczepanski.pl\/wp-content\/uploads\/2026\/02\/shorttracka.jpg&#039;);--awb-bg-position:center center;--awb-bg-blend:soft-light;--awb-bg-size:cover;--awb-border-radius:30px 0px 0px 30px;--awb-width-large:33.333333333333%;--awb-margin-top-large:0px;--awb-spacing-right-large:0px;--awb-margin-bottom-large:0px;--awb-spacing-left-large:0px;--awb-width-medium:33.333333333333%;--awb-order-medium:0;--awb-spacing-right-medium:0px;--awb-spacing-left-medium:0px;--awb-width-small:100%;--awb-order-small:0;--awb-spacing-right-small:0.495%;--awb-spacing-left-small:0.495%;\" data-scroll-devices=\"small-visibility,medium-visibility,large-visibility\"><div class=\"fusion-column-wrapper fusion-column-has-shadow fusion-flex-justify-content-flex-start fusion-content-layout-column fusion-column-has-bg-image\" data-bg-url=\"https:\/\/antoniszczepanski.pl\/wp-content\/uploads\/2026\/02\/shorttracka.jpg\"><div style=\"text-align:right;\"><a class=\"fusion-button button-flat fusion-button-default-size button-custom fusion-button-default button-2 fusion-button-span-no blur_bg\" style=\"--button_accent_color:var(--awb-color8);--button_border_color:rgba(255,255,255,0.03);--button_accent_hover_color:#000000;--button_border_hover_color:var(--awb-color1);--button-border-radius-top-left:0px;--button-border-radius-top-right:0px;--button-border-radius-bottom-right:0px;--button-border-radius-bottom-left:0px;--button_gradient_top_color:rgba(255,255,255,0.03);--button_gradient_bottom_color:rgba(255,255,255,0.03);--button_gradient_top_color_hover:var(--awb-color1);--button_gradient_bottom_color_hover:var(--awb-color1);--button_text_transform:uppercase;--button_font_size:12px;--button_line_height:1;--button_typography-letter-spacing:var(--awb-typography1-letter-spacing);--button_typography-font-family:&quot;Sora&quot;;--button_typography-font-style:normal;--button_typography-font-weight:500;--button_margin-top:10px;--button_margin-right:10px;\" target=\"_self\" role=\"button\"><i class=\"fa-trophy fas awb-button__icon awb-button__icon--default button-icon-left\" aria-hidden=\"true\"><\/i><span class=\"fusion-button-text awb-button__text awb-button__text--default\">Speed skating<\/span><\/a><\/div><\/div><\/div><div class=\"fusion-layout-column fusion_builder_column fusion-builder-column-6 fusion_builder_column_1_3 1_3 fusion-flex-column\" style=\"--awb-column-gap:0px;--awb-row-gap:0px;--awb-bg-image:linear-gradient(180deg, var(--awb-color1) 27%,var(--awb-color2) 55%);--awb-bg-size:cover;--awb-border-color:var(--awb-color2);--awb-border-top:1px;--awb-border-left:1px;--awb-border-style:solid;--awb-width-large:33.333333333333%;--awb-margin-top-large:0px;--awb-spacing-right-large:0px;--awb-margin-bottom-large:0px;--awb-spacing-left-large:0px;--awb-width-medium:33.333333333333%;--awb-order-medium:0;--awb-spacing-right-medium:0px;--awb-spacing-left-medium:0px;--awb-width-small:100%;--awb-order-small:0;--awb-spacing-right-small:0.495%;--awb-spacing-left-small:0.495%;\" data-scroll-devices=\"small-visibility,medium-visibility,large-visibility\"><div class=\"fusion-column-wrapper fusion-column-has-shadow fusion-flex-justify-content-flex-start fusion-content-layout-column\"><div class=\"fusion-text fusion-text-7 fusion-text-no-margin\" style=\"--awb-font-size:2em;--awb-line-height:var(--awb-custom_typography_1-line-height);--awb-letter-spacing:var(--awb-custom_typography_1-letter-spacing);--awb-text-transform:var(--awb-custom_typography_1-text-transform);--awb-text-color:var(--awb-color4);--awb-margin-top:50px;--awb-margin-bottom:0px;--awb-text-font-family:var(--awb-custom_typography_1-font-family);--awb-text-font-weight:var(--awb-custom_typography_1-font-weight);--awb-text-font-style:var(--awb-custom_typography_1-font-style);\"><p style=\"text-align: center;\">500 m<\/p>\n<\/div><div class=\"fusion-text fusion-text-8 fusion-animated fusion-text-no-margin\" style=\"--awb-font-size:4em;--awb-line-height:var(--awb-custom_typography_1-line-height);--awb-letter-spacing:var(--awb-custom_typography_1-letter-spacing);--awb-text-transform:none;--awb-margin-top:40px;--awb-margin-bottom:40px;--awb-text-font-family:&quot;Sora&quot;;--awb-text-font-style:normal;--awb-text-font-weight:700;\" data-animationType=\"fadeInUp\" data-animationDuration=\"1.0\" data-animationOffset=\"top-into-view\"><p style=\"text-align: center;\">39,68<\/p>\n<\/div><div class=\"fusion-title title fusion-title-3 fusion-sep-none fusion-title-marquee fusion-animate-once fusion-title-size-paragraph\" style=\"--awb-margin-top-small:10px;--awb-margin-right-small:0px;--awb-margin-bottom-small:10px;--awb-margin-left-small:0px;--awb-marquee-speed:15000ms;--awb-marquee-translate-x:-100%;--awb-font-size:14px;\"><p class=\"fusion-title-heading title-heading-left title-heading-tag awb-marquee-left awb-marquee-masked\" style=\"margin:0;font-size:1em;\"><span class=\"awb-marquee-content\">2026.01.10 \/ Frillense Cup \/ Inzel (GER) \/<\/span><span class=\"awb-marquee-content\">2026.01.10 \/ Frillense Cup \/ Inzel (GER) \/<\/span><\/p><\/div><\/div><\/div><div class=\"fusion-layout-column fusion_builder_column fusion-builder-column-7 fusion_builder_column_1_3 1_3 fusion-flex-column\" style=\"--awb-column-gap:0px;--awb-row-gap:0px;--awb-overflow:hidden;--awb-bg-image:linear-gradient(180deg, var(--awb-color1) 27%,var(--awb-color2) 55%);--awb-bg-size:cover;--awb-border-color:var(--awb-color2);--awb-border-top:1px;--awb-border-right:1px;--awb-border-left:1px;--awb-border-style:solid;--awb-border-radius:0px 30px 30px 0px;--awb-width-large:33.333333333333%;--awb-margin-top-large:0px;--awb-spacing-right-large:0px;--awb-margin-bottom-large:0px;--awb-spacing-left-large:0px;--awb-width-medium:33.333333333333%;--awb-order-medium:0;--awb-spacing-right-medium:0px;--awb-spacing-left-medium:0px;--awb-width-small:100%;--awb-order-small:0;--awb-spacing-right-small:0.495%;--awb-spacing-left-small:0.495%;\" data-scroll-devices=\"small-visibility,medium-visibility,large-visibility\"><div class=\"fusion-column-wrapper fusion-column-has-shadow fusion-flex-justify-content-flex-start fusion-content-layout-column\"><div class=\"fusion-text fusion-text-9 fusion-text-no-margin\" style=\"--awb-font-size:2em;--awb-line-height:var(--awb-custom_typography_1-line-height);--awb-letter-spacing:var(--awb-custom_typography_1-letter-spacing);--awb-text-transform:var(--awb-custom_typography_1-text-transform);--awb-text-color:var(--awb-color4);--awb-margin-top:50px;--awb-margin-bottom:0px;--awb-text-font-family:var(--awb-custom_typography_1-font-family);--awb-text-font-weight:var(--awb-custom_typography_1-font-weight);--awb-text-font-style:var(--awb-custom_typography_1-font-style);\"><p style=\"text-align: center;\">1000 m<\/p>\n<\/div><div class=\"fusion-text fusion-text-10 fusion-animated fusion-text-no-margin\" style=\"--awb-font-size:4em;--awb-line-height:var(--awb-custom_typography_1-line-height);--awb-letter-spacing:var(--awb-custom_typography_1-letter-spacing);--awb-text-transform:none;--awb-margin-top:40px;--awb-margin-bottom:40px;--awb-text-font-family:&quot;Sora&quot;;--awb-text-font-style:normal;--awb-text-font-weight:700;\" data-animationType=\"fadeInUp\" data-animationDuration=\"1.0\" data-animationOffset=\"top-into-view\"><p style=\"text-align: center;\">1:20,02<\/p>\n<\/div><div class=\"fusion-title title fusion-title-4 fusion-sep-none fusion-title-marquee fusion-animate-once fusion-title-size-paragraph\" style=\"--awb-margin-top-small:10px;--awb-margin-right-small:0px;--awb-margin-bottom-small:10px;--awb-margin-left-small:0px;--awb-marquee-speed:15000ms;--awb-marquee-translate-x:-100%;--awb-font-size:1em;\"><p class=\"fusion-title-heading title-heading-left title-heading-tag awb-marquee-left awb-marquee-masked\" style=\"margin:0;font-size:1em;\"><span class=\"awb-marquee-content\">2026.01.10 \/ Frillense Cup \/ Inzel (GER) \/<\/span><span class=\"awb-marquee-content\">2026.01.10 \/ Frillense Cup \/ Inzel (GER) \/<\/span><\/p><\/div><\/div><\/div><\/div><\/div>\n<\/p>\n","protected":false},"excerpt":{"rendered":"","protected":false},"author":1,"featured_media":0,"parent":0,"menu_order":0,"comment_status":"closed","ping_status":"closed","template":"100-width.php","meta":{"_acf_changed":false,"footnotes":""},"class_list":["post-10","page","type-page","status-publish","hentry"],"acf":[],"yoast_head":"<!-- This site is optimized with the Yoast SEO plugin v27.2 - https:\/\/yoast.com\/product\/yoast-seo-wordpress\/ -->\n<title>Strona g\u0142\u00f3wna - Antoni Szczepa\u0144ski - Polish Speed &amp; Short Track Skater<\/title>\n<meta name=\"robots\" content=\"index, follow, max-snippet:-1, max-image-preview:large, max-video-preview:-1\" \/>\n<link rel=\"canonical\" href=\"https:\/\/antoniszczepanski.pl\/\" \/>\n<meta property=\"og:locale\" content=\"pl_PL\" \/>\n<meta property=\"og:type\" content=\"article\" \/>\n<meta property=\"og:title\" content=\"Strona g\u0142\u00f3wna - Antoni Szczepa\u0144ski - Polish Speed &amp; Short Track Skater\" \/>\n<meta property=\"og:url\" content=\"https:\/\/antoniszczepanski.pl\/\" \/>\n<meta property=\"og:site_name\" content=\"Antoni Szczepa\u0144ski - Polish Speed &amp; Short Track Skater\" \/>\n<meta property=\"article:modified_time\" content=\"2026-02-17T22:20:13+00:00\" \/>\n<meta name=\"twitter:card\" content=\"summary_large_image\" \/>\n<meta name=\"twitter:label1\" content=\"Szacowany czas czytania\" \/>\n\t<meta name=\"twitter:data1\" content=\"1 minuta\" \/>\n<script type=\"application\/ld+json\" class=\"yoast-schema-graph\">{\"@context\":\"https:\/\/schema.org\",\"@graph\":[{\"@type\":\"WebPage\",\"@id\":\"https:\/\/antoniszczepanski.pl\/\",\"url\":\"https:\/\/antoniszczepanski.pl\/\",\"name\":\"Strona g\u0142\u00f3wna - Antoni Szczepa\u0144ski - Polish Speed &amp; Short Track Skater\",\"isPartOf\":{\"@id\":\"https:\/\/antoniszczepanski.pl\/#website\"},\"datePublished\":\"2026-01-21T19:25:16+00:00\",\"dateModified\":\"2026-02-17T22:20:13+00:00\",\"breadcrumb\":{\"@id\":\"https:\/\/antoniszczepanski.pl\/#breadcrumb\"},\"inLanguage\":\"pl-PL\",\"potentialAction\":[{\"@type\":\"ReadAction\",\"target\":[\"https:\/\/antoniszczepanski.pl\/\"]}]},{\"@type\":\"BreadcrumbList\",\"@id\":\"https:\/\/antoniszczepanski.pl\/#breadcrumb\",\"itemListElement\":[{\"@type\":\"ListItem\",\"position\":1,\"name\":\"Strona g\u0142\u00f3wna\",\"item\":\"https:\/\/antoniszczepanski.pl\/\"},{\"@type\":\"ListItem\",\"position\":2,\"name\":\"Strona g\u0142\u00f3wna\"}]},{\"@type\":\"WebSite\",\"@id\":\"https:\/\/antoniszczepanski.pl\/#website\",\"url\":\"https:\/\/antoniszczepanski.pl\/\",\"name\":\"Antoni Szczepa\u0144ski - Polish Speed &amp; Short Track Skater\",\"description\":\"\",\"potentialAction\":[{\"@type\":\"SearchAction\",\"target\":{\"@type\":\"EntryPoint\",\"urlTemplate\":\"https:\/\/antoniszczepanski.pl\/?s={search_term_string}\"},\"query-input\":{\"@type\":\"PropertyValueSpecification\",\"valueRequired\":true,\"valueName\":\"search_term_string\"}}],\"inLanguage\":\"pl-PL\"}]}<\/script>\n<!-- \/ Yoast SEO plugin. -->","yoast_head_json":{"title":"Strona g\u0142\u00f3wna - Antoni Szczepa\u0144ski - Polish Speed &amp; Short Track Skater","robots":{"index":"index","follow":"follow","max-snippet":"max-snippet:-1","max-image-preview":"max-image-preview:large","max-video-preview":"max-video-preview:-1"},"canonical":"https:\/\/antoniszczepanski.pl\/","og_locale":"pl_PL","og_type":"article","og_title":"Strona g\u0142\u00f3wna - Antoni Szczepa\u0144ski - Polish Speed &amp; Short Track Skater","og_url":"https:\/\/antoniszczepanski.pl\/","og_site_name":"Antoni Szczepa\u0144ski - Polish Speed &amp; Short Track Skater","article_modified_time":"2026-02-17T22:20:13+00:00","twitter_card":"summary_large_image","twitter_misc":{"Szacowany czas czytania":"1 minuta"},"schema":{"@context":"https:\/\/schema.org","@graph":[{"@type":"WebPage","@id":"https:\/\/antoniszczepanski.pl\/","url":"https:\/\/antoniszczepanski.pl\/","name":"Strona g\u0142\u00f3wna - Antoni Szczepa\u0144ski - Polish Speed &amp; Short Track Skater","isPartOf":{"@id":"https:\/\/antoniszczepanski.pl\/#website"},"datePublished":"2026-01-21T19:25:16+00:00","dateModified":"2026-02-17T22:20:13+00:00","breadcrumb":{"@id":"https:\/\/antoniszczepanski.pl\/#breadcrumb"},"inLanguage":"pl-PL","potentialAction":[{"@type":"ReadAction","target":["https:\/\/antoniszczepanski.pl\/"]}]},{"@type":"BreadcrumbList","@id":"https:\/\/antoniszczepanski.pl\/#breadcrumb","itemListElement":[{"@type":"ListItem","position":1,"name":"Strona g\u0142\u00f3wna","item":"https:\/\/antoniszczepanski.pl\/"},{"@type":"ListItem","position":2,"name":"Strona g\u0142\u00f3wna"}]},{"@type":"WebSite","@id":"https:\/\/antoniszczepanski.pl\/#website","url":"https:\/\/antoniszczepanski.pl\/","name":"Antoni Szczepa\u0144ski - Polish Speed &amp; Short Track Skater","description":"","potentialAction":[{"@type":"SearchAction","target":{"@type":"EntryPoint","urlTemplate":"https:\/\/antoniszczepanski.pl\/?s={search_term_string}"},"query-input":{"@type":"PropertyValueSpecification","valueRequired":true,"valueName":"search_term_string"}}],"inLanguage":"pl-PL"}]}},"_links":{"self":[{"href":"https:\/\/antoniszczepanski.pl\/index.php?rest_route=\/wp\/v2\/pages\/10","targetHints":{"allow":["GET"]}}],"collection":[{"href":"https:\/\/antoniszczepanski.pl\/index.php?rest_route=\/wp\/v2\/pages"}],"about":[{"href":"https:\/\/antoniszczepanski.pl\/index.php?rest_route=\/wp\/v2\/types\/page"}],"author":[{"embeddable":true,"href":"https:\/\/antoniszczepanski.pl\/index.php?rest_route=\/wp\/v2\/users\/1"}],"replies":[{"embeddable":true,"href":"https:\/\/antoniszczepanski.pl\/index.php?rest_route=%2Fwp%2Fv2%2Fcomments&post=10"}],"version-history":[{"count":38,"href":"https:\/\/antoniszczepanski.pl\/index.php?rest_route=\/wp\/v2\/pages\/10\/revisions"}],"predecessor-version":[{"id":139,"href":"https:\/\/antoniszczepanski.pl\/index.php?rest_route=\/wp\/v2\/pages\/10\/revisions\/139"}],"wp:attachment":[{"href":"https:\/\/antoniszczepanski.pl\/index.php?rest_route=%2Fwp%2Fv2%2Fmedia&parent=10"}],"curies":[{"name":"wp","href":"https:\/\/api.w.org\/{rel}","templated":true}]}}